 - (-54)/(-6)*z. Let k = 53 + v. What are the prime factors of k?
2, 13
Let s = -92 + 369. Suppose 980 = -127*a + 122*a. Let z = a + s. What are the prime factors of z?
3
Suppose -k - q = -1673, 3*k + 4*q + 3191 - 8206 = 0. List the prime factors of k.
3, 13, 43
Let y(d) = -71 - 4*d + 33 + 8. Let x be y(-8). Suppose -6*s - 8 = -8*s, 4*w = x*s + 700. List the prime factors of w.
3, 59
Let w = 3919 - 1673. Suppose 5*p + 2*c + 2*c = w, -1798 = -4*p - 2*c. List the prime factors of p.
2, 3, 5
Suppose 209310 + 357775 = 24*w + 39589. List the prime factors of w.
31, 709
What are the prime factors of (-496)/48 + 11 - (-89338)/3?
2, 5, 1489
Suppose -w - 3990 = -34596 + 5456. List the prime factors of w.
2, 5, 503
Let c(r) = 149*r + 20382. List the prime factors of c(0).
2, 3, 43, 79
Suppose -5*u + 3 = -7. Let z(o) = -680*o - 4757. Let s be z(-7). Suppose -s*v - x = -166, 4*v - 216 = 2*x + u*x. What are the prime factors of v?
5, 11
Let h(u) = 9*u - 64. Let o be h(7). Let a(q) = -605*q**3 - 4*q - 3. List the prime factors of a(o).
2, 3, 101
Let l = 1706 - 2957. Let q = -770 - l. Let g = q - 279. List the prime factors of g.
2, 101
Suppose -5*u = -508 + 1718. Let w = u + 452. List the prime factors of w.
2, 3, 5, 7
Let z(i) = 10*i**2 + 17*i + 34. Let d = 148 - 155. What are the prime factors of z(d)?
3, 5
Suppose -3*v + 0*v = -15, 2*v + 2 = 2*f. Let p be -3 - (-380)/(-152)*(-2)/1. What are the prime factors of f + -9 + p*(-49)/(-2)?
2, 23
Let k = 16656 - 8631. List the prime factors of k.
3, 5, 107
Suppose 2*x - 10 = -b, -12 = -4*x + 4. Suppose -3*u = 2*u - 730. Suppose 0 = -2*n - b*j - 2 + u, -5*n = 3*j - 356. What are the prime factors of n?
2, 5, 7
List the prime factors of (-330397)/(-11) - (1096/(-44) - -25).
2, 3, 2503
Let o be (-4)/16 - 18279/24*-10. List the prime factors of (-4)/((4 - -1) + (-38097)/o).
2, 7
Let i = 17 + -17. Suppose 2*y - 5*n = 3, i*y + n = -2*y - 3. What are the prime factors of -60*((-9)/5 - y)?
2, 3
List the prime factors of (-24)/((1*(5 - 2))/(-77 - -27)).
2, 5
Let d be ((0 + -4)/4)/2*-20. Suppose d*s - 923 = 9047. What are the prime factors of s?
997
Suppose 32*m - 11*m - 267806 = 14*m. List the prime factors of m.
2, 11, 37, 47
Suppose 2*x = 3*f - f + 3706, 3*f - 1869 = -x. What are the prime factors of ((-3)/(-2))/(-3 + x/618)?
3, 103
Let j = 62 + -65. What are the prime factors of 417 + j/1 + 10?
2, 53
Let u(h) = -h - 17. Let z be u(-14). Let v = z - -8. Suppose -v*g - 25 + 130 = 0. What are the prime factors of g?
3, 7
Let w be 432*(-3)/(54/(-78)). Suppose 0 = 18*j - 5220 - w. What are the prime factors of j?
2, 197
Suppose n + 147 - 139 = 0. What are the prime factors of 0 + n + 13 - (0 - 653)?
2, 7, 47
Suppose -2*v + 86 = 4*p, 29 = 4*p - 3*p - 2*v. Suppose 12 = -p*l + 26*l. Suppose 0*b + b = 5*w - 490, -w + l*b = -117. What are the prime factors of w?
97
Suppose 93*p + 30652 = t + 94*p, -4*p = 12. What are the prime factors of t?
5, 6131
Suppose -w = 4*p + 16, 2*p - 4 = 4. Let m = -21 - w. Suppose m*x = 8*x + 162. List the prime factors of x.
2, 3
Let k(i) = -i**3 - 10*i**2 + 10*i - 11. Let d be k(-11). Suppose d = -4*x - 415 - 165. Let c = x + 207. List the prime factors of c.
2, 31
Suppose 81030 = 4*f + 3*j, 3*j - 1813 = -5*f + 99479. What are the prime factors of f?
2, 3, 11, 307
Let c = -18327 - -31963. List the prime factors of c.
2, 7, 487
Suppose -13*q = -16*q - 9, -2*i = -5*q - 133769. What are the prime factors of i?
66877
Suppose -2*z = 5*z - 546. Let y = z + 25. Let t = y + -25. What are the prime factors of t?
2, 3, 13
Suppose -8*h - 9 = h. Let n(s) = -1212*s - 7. What are the prime factors of n(h)?
5, 241
Suppose -232*v + 1678 = -230*v. Suppose -16*t + 17*t + 4*o - 289 = 0, 0 = 3*t - 2*o - v. List the prime factors of t.
281
Suppose 2*q - 5 = 3*l, -3*q - l + 8 = -6*l. Suppose 0*h + 28 = 4*h. List the prime factors of (h + -6)/(q/(-30)*-2).
3, 5
Let u(l) = 5029*l - 77. What are the prime factors of u(1)?
2, 619
Let c be (3 + (-32)/10)*(-20)/4. Suppose x + 16 - c = 0. What are the prime factors of 3/15 - 777/x?
2, 13
Let l(p) = p**3 - 5*p**2 + 6*p - 1. Let w be l(4). Let q = 57 + w. What are the prime factors of (-16)/q + (-217)/(-4)?
2, 3
Let x(o) = -2*o**3 + o**2 + o. Let g be x(-1). Suppose -3*l = g*c + 594 - 3349, 0 = l + 5*c - 940. Let v = l - 630. List the prime factors of v.
3, 5, 19
List the prime factors of -33*(-1)/((-29 + 28)*6/(-11714)).
11, 5857
Let h be (3/(-3))/(3/(-1242)). Let z = h + -258. What are the prime factors of (z - -1)*(-20)/(-20)?
157
List the prime factors of 2877*(120/8 + -12).
3, 7, 137
Let l(s) = -s**3 - 15*s**2 + 4*s + 23. Let m be l(-15). Let a = 135 + m. What are the prime factors of a?
2, 7
Let k(t) = 2*t**2 + 3*t - 19. Let f(a) = 2*a**2 + a - 19. Let h(v) = 3*f(v) - 2*k(v). List the prime factors of h(-6).
71
Suppose -3947*n + 3972*n - 527925 = 0. List the prime factors of n.
3, 7039
Let b = 32 - 32. Suppose z + 2*q = 5*z - 108, b = -5*z + 5*q + 130. Suppose 0 = 2*k - 92 + z. List the prime factors of k.
2
What are the prime factors of (-6151)/(19/1710*-10)?
3, 6151
Let t(r) = 416*r - 104. Let x(z) = 10*z - 10. Let u be x(-3). Let m(a) = -32*a + 8. Let y(s) = u*m(s) - 3*t(s). List the prime factors of y(4).
2, 3, 5
Suppose 0 = s + x - 21531, s - 6743 = 6*x + 14760. What are the prime factors of s?
11, 19, 103
Suppose 13*u - 6*u - 609 = 0. Suppose 0 = -u*v + 88*v - 304. Let f = -206 + v. What are the prime factors of f?
2, 7
Let b(a) = -a**2 + a - 1. Let y(v) = -v**3 + 3*v**2 + 14*v - 14. Let h(c) = 5*b(c) - y(c). Let t be h(7). Let f = 211 + t. List the prime factors of f.
2, 3
Let t(h) = h**3 - 103*h**2 + 155*h - 75. What are the prime factors of t(104)?
26861
Suppose 0*a = 4*a - 552. Let c(i) = i**2 - 136*i - 1147. Let o be c(-8). Suppose -2*r + o*z = -411, -z - 277 - a = -2*r. List the prime factors of r.
2, 13
Let n(c) = 489*c**2 - 93*c + 96. What are the prime factors of n(-9)?
2, 3, 29, 233
Suppose 3*l - l - 24 = -5*u, 2*u = 4*l. Let g(v) = 5*v + 106*v**l - 3*v - 3*v + 1 - v. List the prime factors of g(1).
3, 5, 7
Let v(g) = -5*g**2 - 64*g - 9. Let t(q) = 12*q**2 + 129*q + 16. Let s(p) = -2*t(p) - 5*v(p). What are the prime factors of s(13)?
2, 13, 19
Let r be (-2)/(-6) + 80/(-6). Let g = r - -12. Let h(o) = 117*o**2 + o - 1. List the prime factors of h(g).
5, 23
Let n be 323/76 + 6/8. Suppose n*b = 4*b + 4. Suppose 5*j - 4*j - 3*r = 189, b*r - 619 = -3*j. What are the prime factors of j?
3, 67
Let m = 86 - 86. Let w(g) = -3*g + m*g**2 + 10*g + 5*g**2 + 0*g. List the prime factors of w(5).
2, 5
Let o(q) = -151*q**2 - 2*q - 6. Let j be o(4). Let x be j/(-189)*(-1 + 8). What are the prime factors of (x - 0)*-4*3/(-4)?
2, 3, 5
Let r(c) = 810*c - 325. Let h(s) = 30*s - 12. Let m(x) = -55*h(x) + 2*r(x). Let w = 980 - 984. What are the prime factors of m(w)?
2, 5, 13
Let l(w) = 2*w**2 - 20*w - 10. Let b be l(12). Suppose 8*k - 2 = b. Suppose -3*r + a + 274 = 5*a, k*r - 3*a = 505. List the prime factors of r.
2, 7
Let o(q) = -20*q + 0 + 8 + 9*q**2 + 4*q. Let i be o(5). Suppose 3*n + g - 250 = 0, -4*g + 266 + i = 5*n. List the prime factors of n.
83
Let p be (-2)/((5/(-20))/(-1)). Let c be 2/p*23*(-45 - -1). Suppose -51 = -8*d + c. What are the prime factors of d?
2, 19
Suppose 2*l = 4*w + 68, -w + 129 = 5*l + 14. Let v = 69 - l. Suppose -3*t - 5*n + v = 0, -n = 3*n. List the prime factors of t.
3, 5
What are the prime factors of 2012750/50*(-2)/(-10)?
83, 97
Let w = 1293 + -704. Suppose -z + w = -3*y, -5*z + 2*y = -2215 - 795. What are the prime factors of z?
2, 151
Let m = 74 + 122. List the prime factors of 177/2*m/42.
7, 59
Let j(p) = -42*p - 27. Let i(y) = 84*y + 52. Let u(m) = -4*i(m) - 7*j(m). What are the prime factors of u(-3)?
107
Let k(s) be the third derivative of -9*s**4/8 - 77*s**3/2 + 9*s**2 - 4*s. List the prime factors of k(-15).
2, 3, 29
Let k = 151 + -57. Suppose -r + k = 26. List the prime factors of r.
2, 17
Let t be (-4)/(-4*(-4)/8) - -8. Suppose 19 = 5*i - t. Suppose i*j = -2*m + 27, 3*j + 13 + 38 = 3*m. What are the prime factors of m?
2
Let w be 3/(-8)*-2*(-1480)/(-5). Let l = -57 + w. Suppose -271 = -4*f + l. List the prime factors of f.
109
Suppose -24*y = -53*y + 319. Let o(l) = 3*l**2 + 15*l - 45. List the prime factors of o(y).
3, 7, 23